{"id":32,"date":"2022-04-25T17:21:38","date_gmt":"2022-04-25T15:21:38","guid":{"rendered":"https:\/\/adm.debica.pl\/?page_id=32"},"modified":"2026-02-16T09:03:51","modified_gmt":"2026-02-16T08:03:51","slug":"pliki-do-pobrania","status":"publish","type":"page","link":"https:\/\/adm.debica.pl\/?page_id=32","title":{"rendered":"Pliki do pobrania"},"content":{"rendered":"\n<ul class=\"wp-block-list\">\n<li><a href=\"https:\/\/adm.debica.pl\/wp-content\/uploads\/2022\/04\/Deklaracja-o-wysokosci-oplaty-za-gospodarowanie-oplatami-wielolokalowa-1.pdf\" target=\"_blank\" rel=\"noreferrer noopener\">Deklaracja o wysoko\u015bci op\u0142aty za gospodarowanie odpadami wielolokalowa;<\/a><\/li>\n\n\n\n<li><a href=\"https:\/\/adm.debica.pl\/wp-content\/uploads\/2022\/04\/Oswiadczenie-osoby-zobowiazanej-do-zlozenia-deklaracji-o-wysokosci-oplaty-za-gospodarowanie-odpadami-komunalnymi-1.pdf\" target=\"_blank\" rel=\"noreferrer noopener\">O\u015bwiadczenie osoby zobowi\u0105zanej do z\u0142o\u017cenia deklaracji o wysoko\u015bci op\u0142aty za gospodarowanie odpadami komunalnymi;<\/a><\/li>\n\n\n\n<li><a href=\"https:\/\/adm.debica.pl\/wp-content\/uploads\/2022\/04\/Wniosek-o-wydanie-zaswiadczenia-m.-komunalne.pdf\">Za\u015bwiadczenie o niezaleganiu w op\u0142atach czynszowych &#8211; mieszkanie komunalne;<\/a><\/li>\n\n\n\n<li><a href=\"https:\/\/adm.debica.pl\/wp-content\/uploads\/2022\/04\/Wniosek-o-wydanie-zaswiadczenia-m.-wlasnosciowe.pdf\" target=\"_blank\" rel=\"noreferrer noopener\">Za\u015bwiadczenie o niezaleganiu w op\u0142atach czynszowych &#8211; mieszkanie w\u0142asno\u015bciowe;<\/a><\/li>\n\n\n\n<li><a href=\"https:\/\/adm.debica.pl\/wp-content\/uploads\/2026\/02\/SKM_22726021615450-1.pdf\" target=\"_blank\" rel=\"noreferrer noopener\">Zgoda na przetwarzanie danych osobowych &#8211; mieszkanie komunalne;<\/a><\/li>\n\n\n\n<li><a href=\"https:\/\/adm.debica.pl\/wp-content\/uploads\/2026\/02\/SKM_22726021615450-1.pdf\" target=\"_blank\" rel=\"noreferrer noopener\">Zgoda na przetwarzanie danych osobowych &#8211; mieszkanie w\u0142asno\u015bciowe;<\/a><\/li>\n<\/ul>\n\n\n\n<p><\/p>\n","protected":false},"excerpt":{"rendered":"","protected":false},"author":1,"featured_media":0,"parent":0,"menu_order":0,"comment_status":"closed","ping_status":"closed","template":"","meta":{"footnotes":""},"class_list":["post-32","page","type-page","status-publish","hentry"],"_links":{"self":[{"href":"https:\/\/adm.debica.pl\/index.php?rest_route=\/wp\/v2\/pages\/32","targetHints":{"allow":["GET"]}}],"collection":[{"href":"https:\/\/adm.debica.pl\/index.php?rest_route=\/wp\/v2\/pages"}],"about":[{"href":"https:\/\/adm.debica.pl\/index.php?rest_route=\/wp\/v2\/types\/page"}],"author":[{"embeddable":true,"href":"https:\/\/adm.debica.pl\/index.php?rest_route=\/wp\/v2\/users\/1"}],"replies":[{"embeddable":true,"href":"https:\/\/adm.debica.pl\/index.php?rest_route=%2Fwp%2Fv2%2Fcomments&post=32"}],"version-history":[{"count":5,"href":"https:\/\/adm.debica.pl\/index.php?rest_route=\/wp\/v2\/pages\/32\/revisions"}],"predecessor-version":[{"id":814,"href":"https:\/\/adm.debica.pl\/index.php?rest_route=\/wp\/v2\/pages\/32\/revisions\/814"}],"wp:attachment":[{"href":"https:\/\/adm.debica.pl\/index.php?rest_route=%2Fwp%2Fv2%2Fmedia&parent=32"}],"curies":[{"name":"wp","href":"https:\/\/api.w.org\/{rel}","templated":true}]}}