{"id":694,"date":"2022-05-10T20:39:44","date_gmt":"2022-05-10T18:39:44","guid":{"rendered":"https:\/\/adm.debica.pl\/?page_id=694"},"modified":"2022-05-10T20:42:26","modified_gmt":"2022-05-10T18:42:26","slug":"oferta-zarzadzania","status":"publish","type":"page","link":"https:\/\/adm.debica.pl\/?page_id=694","title":{"rendered":"Oferta zarz\u0105dzania"},"content":{"rendered":"<p style=\"text-align: justify;\"><strong>Oferujemy profesjonalne us\u0142ugi w zakresie zarz\u0105dzania wsp\u00f3lnotami mieszkaniowymi oraz szeroki pakiet us\u0142ug dodatkowych. Dzia\u0142amy w D\u0119bicy i\u00a0 okolicy. <\/strong><\/p>\n<p style=\"text-align: justify;\"><strong>W ramach umowy zapewniamy:<\/strong><\/p>\n<ul style=\"text-align: justify;\">\n<li><strong><em>Obs\u0142ug\u0119 finansowo-ksi\u0119gow\u0105:<\/em><\/strong> Prowadzenie ewidencji pozaksi\u0119gowej koszt\u00f3w zarz\u0105du nieruchomo\u015bci\u0105 wsp\u00f3ln\u0105, prowadzenie rozlicze\u0144 z w\u0142a\u015bcicielami i kontrahentami, windykacja nale\u017cno\u015bci.<\/li>\n<li><strong><em>Obs\u0142ug\u0119 prawno<\/em><\/strong><strong>-organizacyjn\u0105:<\/strong> Przygotowywanie i obs\u0142uga zebra\u0144 wsp\u00f3lnoty, opracowywanie projekt\u00f3w uchwa\u0142 i pism, aktualizacja danych rejestrowych, przechowywanie powierzonej dokumentacji.<\/li>\n<li><strong><em>Obs\u0142ug\u0119 administracyjn\u0105<\/em><\/strong>: Zlecanie przegl\u0105d\u00f3w i niezb\u0119dnych napraw, prowadzenie ksi\u0105\u017cki obiektu budowlanego, wykonywanie odczyt\u00f3w licznik\u00f3w i\u00a0rozliczanie medi\u00f3w, sk\u0142adanie deklaracji \u015bmieciowej, wydawanie za\u015bwiadcze\u0144.<\/li>\n<li><strong><em>Obs\u0142uga techniczn\u0105<\/em><\/strong>: opracowywanie plan\u00f3w remont\u00f3w, poszukiwanie i wyb\u00f3r wykonawc\u00f3w w porozumieniu z zarz\u0105dem wsp\u00f3lnoty, wyst\u0119powanie do wydzia\u0142u budownictwa ze zg\u0142oszeniem prac budowlanych lub wnioskiem o wydanie pozwolenia na budow\u0119, zawieranie um\u00f3w na roboty budowlane.<\/li>\n<\/ul>\n<p style=\"text-align: justify;\">Wycena naszych us\u0142ug:<\/p>\n<p style=\"text-align: justify;\">W przypadku zainteresowania otrzymaniem oferty wraz z szczeg\u00f3\u0142owym zakresem dzia\u0142ania prosimy o kontakt: <a href=\"mailto:sekretariat@adm.debica.pl\">sekretariat@adm.debica.pl<\/a> lub 14\u00a0681 47 20.<\/p>\n\n\n<p><\/p>\n","protected":false},"excerpt":{"rendered":"<p>Oferujemy profesjonalne us\u0142ugi w zakresie zarz\u0105dzania wsp\u00f3lnotami mieszkaniowymi oraz szeroki pakiet us\u0142ug dodatkowych. Dzia\u0142amy w D\u0119bicy i\u00a0 okolicy. W ramach umowy zapewniamy: Obs\u0142ug\u0119 finansowo-ksi\u0119gow\u0105: Prowadzenie ewidencji pozaksi\u0119gowej koszt\u00f3w zarz\u0105du nieruchomo\u015bci\u0105 wsp\u00f3ln\u0105, prowadzenie rozlicze\u0144 z w\u0142a\u015bcicielami i kontrahentami, windykacja nale\u017cno\u015bci. Obs\u0142ug\u0119 prawno-organizacyjn\u0105: Przygotowywanie i obs\u0142uga zebra\u0144 wsp\u00f3lnoty, opracowywanie projekt\u00f3w uchwa\u0142 i pism, aktualizacja danych rejestrowych, przechowywanie [&hellip;]<\/p>\n","protected":false},"author":1,"featured_media":0,"parent":0,"menu_order":0,"comment_status":"closed","ping_status":"closed","template":"","meta":{"footnotes":""},"class_list":["post-694","page","type-page","status-publish","hentry"],"_links":{"self":[{"href":"https:\/\/adm.debica.pl\/index.php?rest_route=\/wp\/v2\/pages\/694","targetHints":{"allow":["GET"]}}],"collection":[{"href":"https:\/\/adm.debica.pl\/index.php?rest_route=\/wp\/v2\/pages"}],"about":[{"href":"https:\/\/adm.debica.pl\/index.php?rest_route=\/wp\/v2\/types\/page"}],"author":[{"embeddable":true,"href":"https:\/\/adm.debica.pl\/index.php?rest_route=\/wp\/v2\/users\/1"}],"replies":[{"embeddable":true,"href":"https:\/\/adm.debica.pl\/index.php?rest_route=%2Fwp%2Fv2%2Fcomments&post=694"}],"version-history":[{"count":2,"href":"https:\/\/adm.debica.pl\/index.php?rest_route=\/wp\/v2\/pages\/694\/revisions"}],"predecessor-version":[{"id":699,"href":"https:\/\/adm.debica.pl\/index.php?rest_route=\/wp\/v2\/pages\/694\/revisions\/699"}],"wp:attachment":[{"href":"https:\/\/adm.debica.pl\/index.php?rest_route=%2Fwp%2Fv2%2Fmedia&parent=694"}],"curies":[{"name":"wp","href":"https:\/\/api.w.org\/{rel}","templated":true}]}}